visor of 3 and y.
3
Let q(k) = -k**3 + 11*k**2 + 12*k - 70. Let x be q(9). Let i be 41 + (-2)/(-2) + -2. What is the greatest common divisor of x and i?
40
Let h(j) = -j**3 + 14*j**2 - 14*j + 13. Let t be h(13). Suppose z - 15 - 13 = t. What is the highest common factor of 14 and z?
14
Let x be (0 - (2 - 0))/((-1)/2). Suppose g + a = 16, -x*a + 44 = 3*g - 0*a. What is the highest common divisor of 50 and g?
10
Let n be ((-1)/2)/((-69)/3312). Calculate the greatest common divisor of 516 and n.
12
Let s = 134 - -166. What is the highest common factor of 25 and s?
25
Let s(u) = -u**3 + 5*u**2 + 17*u - 5. Let h be s(7). Let d = 17 - 29. Let r be 18/2*(d + h). Calculate the greatest common divisor of r and 18.
18
Suppose -168 = -k - k. Let t = 394 + -382. What is the highest common divisor of t and k?
12
Let z(v) = 4*v**3 - 2*v**2 - 3*v + 2. Let i be z(2). Let n be 3*(4 - i/(-12)). What is the highest common divisor of n and 17?
17
Let j be 6/10 + ((-16592)/(-20))/4. Let a(r) = -r**3 - 3*r**2 - r - 1. Let x be a(-3). Suppose x*n - n - j = 0. What is the greatest common factor of 26 and n?
26
Let d be (7 - 2)/((6 + -13)/(-7)). Suppose 3*m = 4*m - 1. What is the highest common divisor of m and d?
1
Let v(y) = y**2 - 5*y - 36. Let n be v(-6). Calculate the greatest common divisor of 70 and n.
10
Let i be -60*((-24)/15)/2. Let p be (-2)/6 + i/9. Let h be 4/(9 + -10 + 7/5). Calculate the highest common divisor of h and p.
5
Suppose 5*p + 1237 = 3*q, 8*q = 12*q + 5*p - 1661. Calculate the greatest common factor of 36 and q.
18
Let d be 36/(-9) - -1*3. Let l = d - -25. Suppose 3*v - 5*i - 19 = 0, -9*v - 3*i + 35 = -5*v. What is the highest common factor of l and v?
8
Suppose 3*d + 9 = 0, -1312 = -4*f - d + 5*d. Suppose -2*s = -2*t - 164, 2*s - t = -2*s + f. Calculate the greatest common divisor of 54 and s.
27
Suppose 9 = -8*g + 5*g. Let w be 760/(-57)*g/1. What is the highest common divisor of w and 100?
20
Let c be 6*39/24 - (-7)/28. Suppose -9*h + 4*h = -10. Suppose 5*v + 5*p - h - 248 = 0, 0 = -3*v + 4*p + 150. Calculate the highest common factor of c and v.
10
Let n be (-3564)/270*(3 + -1 - 9/2). Let u be 8/28 + 306/7. Calculate the highest common factor of n and u.
11
Let n be 1/((-14)/(-46)) - 16/56. Suppose n*l = 54 + 156. Let m be (-2)/4*7*-8. Calculate the greatest common factor of m and l.
14
Let n(u) = -5*u + 145. Let k be n(26). What is the highest common divisor of k and 111?
3
Let j = -10 - -11. Let u be (1/1)/(j/2). Suppose -3*f = 2*g - 4*g - 43, 0 = 2*f - u*g - 26. Calculate the highest common factor of f and 17.
17
Let w(t) = t - 1. Let l be 18 + -2*(3 + (-4)/4). Let k be w(l). Calculate the greatest common divisor of k and 13.
13
Suppose -29 = -d + 19*o - 23*o, 116 = 4*d + 3*o. Calculate the greatest common factor of 116 and d.
29
Suppose 96*i - 108*i + 912 = 0. Calculate the highest common factor of 684 and i.
76
Let j(d) be the second derivative of 8*d**3/3 - 19*d**2/2 + 19*d. Let p be j(7). What is the greatest common factor of p and 31?
31
Let j be ((-15)/12)/(55/(-88)). Calculate the greatest common divisor of 74 and j.
2
Suppose 0 = -11*w + 26*w - 15675. Calculate the highest common factor of w and 55.
55
Let p be ((-340)/(-255))/(4/798). What is the greatest common divisor of p and 38?
38
Let l = 73 - 12. Suppose 0 = 2*f + l - 217. What is the greatest common divisor of 6 and f?
6
Suppose 768 = -2*k + 10*k. Suppose -k = -v - 2*v. What is the greatest common divisor of 48 and v?
16
Suppose 5*m - 24 = 2*o, -m + 19 = -o + 7. Let x = o - -35. Calculate the highest common divisor of 23 and x.
23
Let k(m) = -3*m**2 + 10*m + 15. Let o be k(4). Suppose z + 2*z = 72. Let y be z - (3 - 1) - 1. What is the greatest common divisor of y and o?
7
Let v = 134 + -44. Suppose v = o + 4*o. What is the greatest common divisor of o and 6?
6
Let o = -29 + 74. Let d = o + -24. Let z = 7 - -35. Calculate the greatest common factor of z and d.
21
Let b(t) = t**3 + 7*t**2 - 7*t + 10. Let f be b(-8). Suppose 5*i - 19 = 2*i - 2*q, 2*q = -f*i + 14. What is the greatest common factor of i and 35?
5
Let j(s) = 60*s + 559. Let r be j(-9). What is the highest common divisor of 2071 and r?
19
Let w(m) = m**2 - 2*m + 4. Let i = -11 + 16. Let f be w(i). Suppose -f = -3*l + 5*k, 5*l + 6*k - 81 = 2*k. What is the highest common divisor of 117 and l?
13
Let h be 1/(2/(-2)) + 1. Suppose 4*i + h*i - 14 = 5*v, 2 = -v. What is the greatest common factor of i and 9?
1
Let z = -288 - -198. Let g = z - -170. Calculate the greatest common factor of g and 20.
20
Let u(c) = c**2 + 4*c + 15. Let r be u(-7). What is the highest common factor of r and 12?
12
Let x(z) = -z**2 + 9*z. Let n be x(10). Let y be 249/15 - 4/n. What is the highest common factor of 17 and y?
17
Let i be (-34)/(-2) + (-7)/(14/(-4)). Suppose 54 = i*j - 17*j. What is the highest common factor of 135 and j?
27
Let c be (1 + -1 + -4)*-3. Let w = -483 - -501. Calculate the greatest common divisor of w and c.
6
Suppose -5*m + 18 = -r, 3*r - 1 + 7 = 3*m. Suppose -153 = -r*v + 17. What is the greatest common factor of 34 and v?
17
Suppose -3*r = -r + 12. Let p be (4/r)/(2/30). Let u = p + 22. Calculate the greatest common divisor of 6 and u.
6
Let c be (-8 - -2)*6/(-4). Suppose 4*a - c = 39. What is the greatest common divisor of 24 and a?
12
Let m(t) = 8*t**2 - 32*t + 6. Let q be m(10). What is the highest common factor of 18 and q?
18
Let v be ((-60)/14)/(27/(-1134)). Suppose 8*g - 18*g + v = 0. Let n(m) = 54*m**2 + m + 1. Let k be n(-1). Calculate the greatest common factor of k and g.
18
Let t be (1*-2)/(18/27). Let s = 10 + t. Suppose -5*g + 63 = -4*g. Calculate the greatest common divisor of g and s.
7
Let y be (-32)/12*75*2/(-4). What is the highest common divisor of y and 20?
20
Suppose -20*z = -17*z - 324. Calculate the highest common divisor of 81 and z.
27
Let m(v) = 2*v + 24. Let i be m(-10). Let k(g) = 3*g + 41. Let z be k(-11). What is the highest common divisor of z and i?
4
Suppose 0 = -6*b + 2 + 46. Suppose 3*i - 5 = -4*a, 5*i - 15 = b*i. Suppose -5*o + 220 = 4*c, o + o = a*c + 55. Calculate the highest common factor of 5 and o.
5
Let l(h) = 8*h**2 - h - 12. Let s be l(-4). Calculate the greatest common factor of 15 and s.
15
Let z(j) be the first derivative of -3*j**2/2 + 30*j + 34. Let b be z(8). What is the greatest common divisor of b and 14?
2
Suppose 3*h - 40 + 28 = 0. Suppose -2*x - g + h = g, 2*x - 34 = 4*g. Calculate the greatest common factor of 1 and x.
1
Suppose -60 = -5*w + s - 3*s, -w - 5*s = -35. Let j be 86/1 - 20/w. Let u(o) = 2*o**2 + 3*o + 3. Let i be u(-3). Calculate the highest common factor of j and i.
12
Let h(k) = -2*k**3 - 6*k**2 - 5*k - 6. Let j be h(-4). Let m = j - 39. Calculate the highest common divisor of m and 35.
7
Let l = -562 - -681. What is the highest common divisor of 17 and l?
17
Let f(o) = -2*o**3 + 4*o**2 + 2*o - 3. Let b be f(3). Let p = b - -27. Calculate the greatest common divisor of p and 8.
4
Let z(u) = -60*u + 28. Let h be z(-9). Calculate the greatest common factor of 71 and h.
71
Let i be 4*(-2 + 28/(-16)). Let r = 27 + i. Calculate the highest common factor of r and 2.
2
Let z(m) = 3*m**2 + 13*m + 33. Let n be z(-7). Let g = -83 + n. What is the highest common factor of 12 and g?
6
Let p = -129 - -147. Let u be 2/(-11) + (-40)/22. Let l be (-15)/u*(-60)/(-25). What is the highest common factor of p and l?
18
Let h(a) = 5*a**2 + 5*a + 5. Let y be h(-2). Suppose 6*o = y*o - 45. Calculate the highest common divisor of 20 and o.
5
Let s be 1 + (-9)/2*-10. Suppose -5*i + 2*l = -59, 8*i - 4*i - 2*l - s = 0. Calculate the highest common divisor of i and 169.
13
Let s(j) = 5 - 1 - 5*j + 2*j**2 - j + 2*j. Let z be s(2). Suppose 7*f = z*f + 63. Calculate the highest common factor of f and 3.
3
Let x = -3 + 6. Suppose -k = -3*d - 9, 2*d + 19 = x*k - 1. Let n be (-20)/(-35)*(1 + k). What is the greatest common divisor of 12 and n?
4
Suppose -5*p = 0, -x + 4*x = -4*p + 378. What is the greatest common divisor of 84 and x?
42
Suppose 16*m - 30320 = -4656. Calculate the highest common divisor of m and 4.
4
Let z = -112 + 112. Suppose z = m + m - 736. What is the highest common divisor of 46 and m?
46
Let c(r) = -r**3 - 5*r**2 - 5*r - 2. Let d be c(-4). Supp